termine s(m).
1
Let u(f) be the first derivative of -f**4/4 + 7*f**3/3 + f**2 - 3*f + 6. Calculate u(7).
11
Let u be (-5 - -2)*(-1 + 0). Let q(v) = v - 1. Let t(n) = -5*n + 6. Let g(m) = -6*q(m) - t(m). Calculate g(u).
-3
Suppose -5*q + 15 = -2*q + 5*k, 0 = -3*q - 4*k + 12. Let n be 4/((-4)/(-3)) - -3. Let c(v) = -v - 1 + q*v + n. Calculate c(5).
0
Suppose -7 = -8*l + 49. Let y(w) = -w**3 + 7*w**2 + w - 3. What is y(l)?
4
Let r be 4/14 + 172/(-14). Let o = 12 + r. Let t(n) = n**2 - n - 8. Give t(o).
-8
Let i(h) = 12*h**2 + 3*h + 7. Let q(l) = 4*l**2 + l + 2. Let n(w) = 2*i(w) - 7*q(w). What is n(-1)?
-3
Let v(t) = -t + 1. Let l(n) = -1. Let g(y) = l(y) + 2*v(y). Give g(4).
-7
Suppose 2*w - 12 = -22. Let q(z) = -z - 1. What is q(w)?
4
Let m = -132 + 137. Let k(g) be the first derivative of -m*g - 7/2*g**2 - 2 - 1/3*g**3. Give k(-4).
7
Suppose -4*j = 4, -4*o + 1 = 5*j + 2. Let u(q) be the second derivative of 2*q + 0*q**3 + 0 + 0*q**2 - 1/2*q**4. Determine u(o).
-6
Suppose 3*u - u = -2. Let n(a) = -25*a**2 + 23*a**2 + 3 - 3 - a. What is n(u)?
-1
Let m(o) be the second derivative of -o**4/2 - 4*o. Suppose -3*b = -4*v - 11, -3 - 4 = -b - 2*v. Let t = 4 - b. Determine m(t).
-6
Let y(v) = -v + 0 + 2*v + 6 - 1. Let l be y(-7). Let p(w) = -3*w - 1. Calculate p(l).
5
Let x(v) = -2*v**2 + 14 - 24 - 4*v + 13. What is x(-4)?
-13
Let g be (-2)/(-11) - 20/(-11). Let l(z) = 3*z + 1 + z - g*z. Calculate l(2).
5
Let u = 0 + -6. Let s = u + 8. Let t(f) = 3 - 1 - s*f + f - f**2. Calculate t(-3).
-4
Let m(k) = k**2 - 8*k + 9. Let t be m(6). Let s = 4 + 0. Let a(n) = s*n**2 - 3*n**2 - 2 + 8*n - 6*n. What is a(t)?
1
Let v(t) be the first derivative of -3 - 5/2*t**2 + 0*t. Give v(-1).
5
Let i(g) be the second derivative of -g**3/6 + 3*g**2/2 - 6*g. Give i(3).
0
Let w(j) = j**2 - j - 4. Let d = -13 - -4. Let l be 6/d - 56/6. Let n = l + 13. Calculate w(n).
2
Let x(g) be the first derivative of g**2/2 + 7*g + 29. Give x(5).
12
Let a(r) be the second derivative of r**3/6 - 6*r. What is a(0)?
0
Let b(f) = -11*f**2 - 5*f + 6. Let n(q) = 4*q**2 + 2*q - 2. Let h(v) = -3*b(v) - 8*n(v). Suppose -4*c + 15 = 7. Give h(c).
0
Suppose w + 1 = -2*n, -5*n - w - 6 = -2*w. Let l(a) = -2*a - 1. Give l(n).
1
Let o(l) = -l**3 - 2*l + 1. Let i be -4 - ((2 - 0) + -4). Calculate o(i).
13
Let l(j) be the first derivative of 2 + 3/2*j**2 - j. Let f = 4 - 5. Determine l(f).
-4
Let h(q) = -q - 8. Suppose w - 5 = -0*w. Let l(v) = v**3 + 3*v**2 + 2*v**2 - 2*v**3. Let p be l(w). Determine h(p).
-8
Let a = 86 - 81. Let n(b) = -b**3 + 5*b**2 - b - 5. Calculate n(a).
-10
Let a(f) be the third derivative of f**6/40 - f**5/30 + f**4/24 + 33*f**2. Let g = -1 - -2. What is a(g)?
2
Let f(i) = i - 9. Suppose 2*r = -a + 5, 0*a + a = -5*r + 17. What is f(r)?
-5
Let w be (-6 - (-102)/18)*3. Let v(f) = -17*f**2 - 1. Give v(w).
-18
Let d(i) = -i**3 - 5*i**2 + 6*i + 2. Let x be d(-6). Let r(b) = -147 + 3*b**2 - x*b**2 + 144. What is r(0)?
-3
Let n = -8 + 3. Let t = -4 - n. Let g(k) = 12*k + 1. Let z(f) = 13*f + 1. Let o(c) = 7*g(c) - 6*z(c). Determine o(t).
7
Let y(k) = 1. Let a(p) be the second derivative of 3*p**3/2 - 27*p**2/2 - 6*p. Let d(x) = -a(x) - 27*y(x). Determine d(-1).
9
Let b(g) = -g + 13. Let v be b(8). Let q(f) = -f**2 + 3*f + 7. Determine q(v).
-3
Let h(w) = w**2 - w + 2. Suppose 2*t + 7 - 11 = 0. Give h(t).
4
Let t(y) = -2*y**2 - 3*y - 24 + y**2 + 16 + 14. What is t(-5)?
-4
Suppose 3*i - 5*p + 14 = 0, 0 = -0*p + 2*p - 8. Let d be i + -2 + (-2)/(-1). Let g(l) = -d*l**2 - 3*l + 3*l**2 + 6 + 7*l. Give g(-4).
6
Let z(a) = -4*a**3 - 6*a**3 + 5*a**2 - 6*a**2 + 2*a**2. Calculate z(1).
-9
Let h(r) = 2*r**2 - 2*r**2 - r**2 - 1. Suppose 7*c - 2*c + 5 = 0. Determine h(c).
-2
Let f(j) = 6*j - 1. Let k = -9 - -7. Let m(q) = -q - 1. Let d(t) = k*m(t) + f(t). Determine d(-1).
-7
Suppose -4*p = -2*v - 0*p - 14, -2*v - 2*p = -16. Suppose -v*t + 19 = 6*o - o, -4*o + 3*t - 1 = 0. Let i(g) = 2*g - 3. Give i(o).
1
Let h be (-12)/(-2)*4/(-8). Let u(t) be the first derivative of 1/2*t**2 + 0*t + 3. Give u(h).
-3
Let c(q) = q**2 + 6*q - 7. Let n be c(-7). Let d(v) = 0 - 3*v**2 + 1 + 4*v**2 + v. Give d(n).
1
Let x(r) = 0 + 27*r + 5 - 31*r - 3*r**2 - r**3 - 2*r**2. Let l = 4 + -8. Determine x(l).
5
Let g(f) = -f**2 + 3 - 2*f + 2*f + 5*f - 2*f. Let a(j) = -3*j - 2*j - 8 + 3*j. Let c be a(-6). Calculate g(c).
-1
Let c(o) be the first derivative of o**4/4 + o**3 - o**2/2 - 2*o + 9. What is c(-4)?
-14
Let u(r) = 13*r + 3 - 8 - 2*r + 4. Determine u(-2).
-23
Let n(u) = -u**3 + 3*u**2 - 4*u - 1. Let m(g) = g**3 - 2*g**2 + 4*g + 2. Let z(s) = -2*m(s) - 3*n(s). Give z(4).
-1
Let r(q) be the second derivative of -7*q**3/3 - q**2/2 - 37*q. What is r(1)?
-15
Let u(i) = 3*i - 1. Let g(a) be the first derivative of -a**2/2 + 6*a - 6. Let b be g(0). What is u(b)?
17
Let k(w) = 0*w**3 + w + 2*w**2 - 5*w**3 - w**2. Let z be k(-1). Let o(v) = -v**2 + 4*v - 4. Determine o(z).
-9
Let u(w) = w**3 - w**2 + 2*w - 3*w**2 + 4 - w**2. Suppose -3*q + 87 = -0*q. Let x = -25 + q. What is u(x)?
-4
Let v = 3 + -2. Let w(n) = n. Let t be w(v). Let p(l) = l**2 + 4*l - t + l - 2 - 2. Determine p(-6).
1
Let h(i) = i**3 + 5*i**2 + 4*i + 4. Let v be 1 - 0 - 1 - 3. Determine h(v).
10
Let z(m) = -m**2 - 10*m + 4. Let c be z(-8). Let j = c - -5. Suppose 10 = -2*o + 4*k, 6*o + 2*k = 3*o + j. Let w(y) = y**2 - 6*y + 3. Calculate w(o).
-2
Suppose 0 - 8 = -2*p. Let f(w) = 2*w**2 - 6*w + 6. Give f(p).
14
Let n(x) be the first derivative of -x**2/2 + 5*x - 317. Suppose 0*f - 52 = -4*f. Let b = f + -7. Give n(b).
-1
Let y(d) = d**3 - 2*d**2 - 3*d. Suppose -4*p + 4*a - 8 = 0, -a = 3*p - p - 11. Let s be y(p). Let g(w) = -w + 1. What is g(s)?
1
Let q(d) = d**3 + 3*d**2 - 3*d + 3. Let o(k) = -2*k**3 - 5*k**2 + 5*k - 6. Let h(y) = 2*o(y) + 5*q(y). Give h(-6).
-3
Let b(y) = -y - 1. Let z(o) = -2*o - 4. Let j(r) = -6*b(r) + z(r). Determine j(-2).
-6
Let q(k) = k**3 - 4*k**2 - 4*k - 2. Let u(g) = g**2 + g - 1. Let i(x) = -q(x) - 5*u(x). What is i(0)?
7
Let m be (8/(-3))/((-2)/3). Let q(n) = -2*n + 0 + 0 - 8 + 10. Give q(m).
-6
Let s = -44 + 63. Let u = s - 15. Let c(p) = -p + 1. Let i(g) = g - 3. Let n(j) = 2*c(j) + i(j). Calculate n(u).
-5
Let v(h) be the third derivative of -h**5/20 - h**4/24 - h**3/3 + 2*h**2. Determine v(-2).
-12
Suppose -k + 11 = -4*j, 3*k - 3 = -3*j - 0*j. Let n = 2 - k. Let s(v) = 2 - 3 + 242*v - 240*v. What is s(n)?
-3
Let o(l) be the first derivative of -l**4/4 - 3*l**3 + l**2/2 + 10*l - 12. Calculate o(-9).
1
Let z(i) = -i. Let m be z(-4). Let q(r) = -3 - 13*r + m - 2. Let y(n) = 38*n + 3. Let j(t) = 11*q(t) + 4*y(t). What is j(-1)?
-8
Let p = -21 + 11. Let b(d) = d + 3. Let w be b(p). Let v be (-12)/7 + 2/w. Let o(k) = -2*k**3 - 3*k**2 - k - 1. Determine o(v).
5
Let s(f) = f - 4. Let t(n) = n. Let v(k) = -s(k) + 2*t(k). Determine v(-3).
1
Suppose -w - 9 = -0. Let u be (-100)/(-36) - 2/w. Let h(k) = -3 - 3*k + u + 0. Give h(-1).
3
Let n(k) = -2*k**2 - 3*k - 3. Let i(l) = -5*l**2 - 8*l - 9. Let s(t) = 4*i(t) - 11*n(t). Let f be (-4)/(40/15)*2. Calculate s(f).
12
Let f(r) = 3*r**3 - 7*r**2 + 2*r - 1. Let i(x) = -16*x**3 + 36*x**2 - 9*x + 4. Let v(p) = -11*f(p) - 2*i(p). Calculate v(5).
-17
Let h = -1 + 7. Let p = -6 + h. Let f(c) = 3*c - 7. Let u(z) = -2*z + 6. Let m(s) = -3*f(s) - 4*u(s). Determine m(p).
-3
Let t(q) = -3*q**3 + 4*q**2 - 4*q + 3. Let a = 21 + -19. What is t(a)?
-13
Suppose -2*q + 2*v - 6 = q, -12 = 4*q - 4*v. Suppose -4*y + y = q. Let b(x) be the first derivative of x**2/2 + 6*x + 1. Determine b(y).
6
Let u(k) = -13*k**2 - 3*k. Let q(m) = m**2 + 6*m + 4. Let w = 5 - 9. Let t be q(w). Let s(a) = -27*a**2 - 7*a. Let n(v) = t*s(v) + 9*u(v). Determine n(1).
-8
Let y(n) be the first derivative of -n**3/3 - 3*n**2/2 - n + 19. Calculate y(-3).
-1
Let x(h) = -7*h**2 - 2*h - 8. Let f(n) = -13*n**2 - 3*n - 15. Suppose 7 + 26 = -3*c. Let g(r) = c*x(r) + 6*f(r). Calculate g(3).
1
Suppose q + 0*q = 2. Suppose -2*k - q*k - 5*j = -4, -2*k + 8 = 4*j. Let z(c) = c + 5. What is z(k)?
1
Let k be 6/(-21) - (-46)/14. Let u = k + -5. Let h(g) = g**2 + 0*g + 0*g. Determine h(u).
4
Let m(z) = 2*z**2 + z - 2. Let v be m(1). Let b(i) = -11*i**3 + i**2 - 2*i + 1. Calculate b(v).
-11
Let u(q) = q**2 + q + 1. Let s(x) = 7*x**2 + 3. Let m(y) = -s(y) + 3*u(